[INFO] cloning repository https://github.com/johnmave126/sensor-pollster
[INFO] running `Command { std: "git" "-c" "credential.helper=" "-c" "credential.helper=/workspace/cargo-home/bin/git-credential-null" "clone" "--bare" "https://github.com/johnmave126/sensor-pollster" "/workspace/cache/git-repos/https%3A%2F%2Fgithub.com%2Fjohnmave126%2Fsensor-pollster", kill_on_drop: false }`
[INFO] [stderr] Cloning into bare repository '/workspace/cache/git-repos/https%3A%2F%2Fgithub.com%2Fjohnmave126%2Fsensor-pollster'...
[INFO] running `Command { std: "git" "rev-parse" "HEAD", kill_on_drop: false }`
[INFO] [stdout] 9aaad36e7beba103ce880fca80fda4e284ae826f
[INFO] checking johnmave126/sensor-pollster against master#9610dfe5a9a731ced1ea4923ecbd0c57fe367898 for beta-170-4
[INFO] running `Command { std: "git" "clone" "/workspace/cache/git-repos/https%3A%2F%2Fgithub.com%2Fjohnmave126%2Fsensor-pollster" "/workspace/builds/worker-7-tc1/source", kill_on_drop: false }`
[INFO] [stderr] Cloning into '/workspace/builds/worker-7-tc1/source'...
[INFO] [stderr] done.
[INFO] validating manifest of git repo https://github.com/johnmave126/sensor-pollster on toolchain 9610dfe5a9a731ced1ea4923ecbd0c57fe367898
[INFO] running `Command { std: CARGO_HOME="/workspace/cargo-home" RUSTUP_HOME="/workspace/rustup-home" "/workspace/cargo-home/bin/cargo" "+9610dfe5a9a731ced1ea4923ecbd0c57fe367898" "metadata" "--manifest-path" "Cargo.toml" "--no-deps", kill_on_drop: false }`
[INFO] started tweaking git repo https://github.com/johnmave126/sensor-pollster
[INFO] finished tweaking git repo https://github.com/johnmave126/sensor-pollster
[INFO] tweaked toml for git repo https://github.com/johnmave126/sensor-pollster written to /workspace/builds/worker-7-tc1/source/Cargo.toml
[INFO] crate git repo https://github.com/johnmave126/sensor-pollster already has a lockfile, it will not be regenerated
[INFO] running `Command { std: CARGO_HOME="/workspace/cargo-home" RUSTUP_HOME="/workspace/rustup-home" "/workspace/cargo-home/bin/cargo" "+9610dfe5a9a731ced1ea4923ecbd0c57fe367898" "fetch" "--manifest-path" "Cargo.toml", kill_on_drop: false }`
[INFO] [stderr]     Updating crates.io index
[INFO] [stderr]  Downloading crates ...
[INFO] [stderr]   Downloaded async-trait v0.1.49
[INFO] [stderr]   Downloaded tokio-postgres v0.7.1
[INFO] [stderr]   Downloaded dbus-codegen v0.9.1
[INFO] [stderr]   Downloaded displaydoc v0.1.7
[INFO] [stderr]   Downloaded btleplug v0.7.2
[INFO] running `Command { std: "docker" "create" "-v" "/var/lib/crater-agent-workspace/builds/worker-7-tc1/target:/opt/rustwide/target:rw,Z" "-v" "/var/lib/crater-agent-workspace/builds/worker-7-tc1/source:/opt/rustwide/workdir:ro,Z" "-v" "/var/lib/crater-agent-workspace/cargo-home:/opt/rustwide/cargo-home:ro,Z" "-v" "/var/lib/crater-agent-workspace/rustup-home:/opt/rustwide/rustup-home:ro,Z" "-e" "SOURCE_DIR=/opt/rustwide/workdir" "-e" "CARGO_TARGET_DIR=/opt/rustwide/target" "-e" "CARGO_HOME=/opt/rustwide/cargo-home" "-e" "RUSTUP_HOME=/opt/rustwide/rustup-home" "-w" "/opt/rustwide/workdir" "-m" "1610612736" "--user" "0:0" "--network" "none" "ghcr.io/rust-lang/crates-build-env/linux@sha256:19e73879b68f455e41552ea35293514db52ea292d993f571636dbffedb77a1ee" "/opt/rustwide/cargo-home/bin/cargo" "+9610dfe5a9a731ced1ea4923ecbd0c57fe367898" "metadata" "--no-deps" "--format-version=1", kill_on_drop: false }`
[INFO] [stdout] 690c4dbf61986e27af405eaadb41dcabd7b9405a429e0adc2f11b855457901fd
[INFO] running `Command { std: "docker" "start" "-a" "690c4dbf61986e27af405eaadb41dcabd7b9405a429e0adc2f11b855457901fd", kill_on_drop: false }`
[INFO] running `Command { std: "docker" "inspect" "690c4dbf61986e27af405eaadb41dcabd7b9405a429e0adc2f11b855457901fd", kill_on_drop: false }`
[INFO] running `Command { std: "docker" "rm" "-f" "690c4dbf61986e27af405eaadb41dcabd7b9405a429e0adc2f11b855457901fd", kill_on_drop: false }`
[INFO] [stdout] 690c4dbf61986e27af405eaadb41dcabd7b9405a429e0adc2f11b855457901fd
[INFO] running `Command { std: "docker" "create" "-v" "/var/lib/crater-agent-workspace/builds/worker-7-tc1/target:/opt/rustwide/target:rw,Z" "-v" "/var/lib/crater-agent-workspace/builds/worker-7-tc1/source:/opt/rustwide/workdir:ro,Z" "-v" "/var/lib/crater-agent-workspace/cargo-home:/opt/rustwide/cargo-home:ro,Z" "-v" "/var/lib/crater-agent-workspace/rustup-home:/opt/rustwide/rustup-home:ro,Z" "-e" "SOURCE_DIR=/opt/rustwide/workdir" "-e" "CARGO_TARGET_DIR=/opt/rustwide/target" "-e" "CARGO_INCREMENTAL=0" "-e" "RUST_BACKTRACE=full" "-e" "RUSTFLAGS=--cap-lints=forbid" "-e" "RUSTDOCFLAGS=--cap-lints=forbid" "-e" "CARGO_HOME=/opt/rustwide/cargo-home" "-e" "RUSTUP_HOME=/opt/rustwide/rustup-home" "-w" "/opt/rustwide/workdir" "-m" "1610612736" "--user" "0:0" "--network" "none" "ghcr.io/rust-lang/crates-build-env/linux@sha256:19e73879b68f455e41552ea35293514db52ea292d993f571636dbffedb77a1ee" "/opt/rustwide/cargo-home/bin/cargo" "+9610dfe5a9a731ced1ea4923ecbd0c57fe367898" "check" "--frozen" "--all" "--all-targets" "--message-format=json", kill_on_drop: false }`
[INFO] [stdout] 2ba6656dc603722974d619a708d4c3ad9c560e058e0362f1ac39e0c63e6180a3
[INFO] running `Command { std: "docker" "start" "-a" "2ba6656dc603722974d619a708d4c3ad9c560e058e0362f1ac39e0c63e6180a3", kill_on_drop: false }`
[INFO] [stderr]    Compiling libc v0.2.93
[INFO] [stderr]    Compiling proc-macro2 v1.0.26
[INFO] [stderr]    Compiling unicode-xid v0.2.1
[INFO] [stderr]    Compiling syn v1.0.69
[INFO] [stderr]     Checking cfg-if v1.0.0
[INFO] [stderr]    Compiling memchr v2.3.4
[INFO] [stderr]    Compiling autocfg v1.0.1
[INFO] [stderr]    Compiling typenum v1.13.0
[INFO] [stderr]    Compiling version_check v0.9.3
[INFO] [stderr]    Compiling bitflags v1.2.1
[INFO] [stderr]    Compiling value-bag v1.0.0-alpha.6
[INFO] [stderr]    Compiling log v0.4.14
[INFO] [stderr]    Compiling proc-macro-hack v0.5.19
[INFO] [stderr]    Compiling getrandom v0.2.2
[INFO] [stderr]     Checking pin-project-lite v0.2.6
[INFO] [stderr]     Checking futures-sink v0.3.14
[INFO] [stderr]     Checking futures-core v0.3.14
[INFO] [stderr]    Compiling proc-macro-nested v0.1.7
[INFO] [stderr]    Compiling unicode-width v0.1.8
[INFO] [stderr]     Checking tinyvec_macros v0.1.0
[INFO] [stderr]     Checking tinyvec v1.2.0
[INFO] [stderr]     Checking futures-channel v0.3.14
[INFO] [stderr]    Compiling textwrap v0.11.0
[INFO] [stderr]     Checking ppv-lite86 v0.2.10
[INFO] [stderr]    Compiling vec_map v0.8.2
[INFO] [stderr]    Compiling generic-array v0.14.4
[INFO] [stderr]     Checking pin-utils v0.1.0
[INFO] [stderr]    Compiling pkg-config v0.3.19
[INFO] [stderr]     Checking futures-task v0.3.14
[INFO] [stderr]    Compiling num-traits v0.2.14
[INFO] [stderr]    Compiling num-integer v0.1.44
[INFO] [stderr]    Compiling serde_derive v1.0.125
[INFO] [stderr]     Checking bytes v1.0.1
[INFO] [stderr]     Checking slab v0.4.2
[INFO] [stderr]    Compiling strsim v0.8.0
[INFO] [stderr]     Checking subtle v2.4.0
[INFO] [stderr]     Checking opaque-debug v0.3.0
[INFO] [stderr]     Checking futures-io v0.3.14
[INFO] [stderr]     Checking matches v0.1.8
[INFO] [stderr]    Compiling ansi_term v0.11.0
[INFO] [stderr]     Checking unicode-bidi v0.3.5
[INFO] [stderr]    Compiling tokio v1.5.0
[INFO] [stderr]     Checking instant v0.1.9
[INFO] [stderr]     Checking smallvec v1.6.1
[INFO] [stderr]    Compiling quote v1.0.9
[INFO] [stderr]    Compiling serde v1.0.125
[INFO] [stderr]    Compiling xml-rs v0.8.3
[INFO] [stderr]     Checking cpuid-bool v0.1.2
[INFO] [stderr]     Checking scopeguard v1.1.0
[INFO] [stderr]     Checking fallible-iterator v0.2.0
[INFO] [stderr]    Compiling libdbus-sys v0.2.1
[INFO] [stderr]     Checking rustc-serialize v0.3.24
[INFO] [stderr]     Checking siphasher v0.3.5
[INFO] [stderr]     Checking lock_api v0.4.3
[INFO] [stderr]     Checking unicode-normalization v0.1.17
[INFO] [stderr] error: could not parse/generate dep info at: /opt/rustwide/target/debug/deps/quote-fcfef4f09dfe7b06.d
[INFO] [stderr] 
[INFO] [stderr] Caused by:
[INFO] [stderr]   failed to write `/opt/rustwide/target/debug/.fingerprint/quote-fcfef4f09dfe7b06/dep-lib-quote`
[INFO] [stderr] 
[INFO] [stderr] Caused by:
[INFO] [stderr]   No space left on device (os error 28)
[INFO] [stderr] warning: build failed, waiting for other jobs to finish...
[INFO] [stdout] error: failed to write /tmp/rustcYWezfI/lib.rmeta: No space left on device (os error 28)
[INFO] [stdout] 
[INFO] [stdout] 
[INFO] [stdout] error: aborting due to previous error
[INFO] [stdout] 
[INFO] [stdout] 
[INFO] [stdout] error: linking with `cc` failed: exit status: 1
[INFO] [stdout]   |
[INFO] [stdout]   = note: LC_ALL="C" PATH="/opt/rustwide/rustup-home/toolchains/9610dfe5a9a731ced1ea4923ecbd0c57fe367898/lib/rustlib/x86_64-unknown-linux-gnu/bin:/opt/rustwide/cargo-home/bin:/usr/local/sbin:/usr/local/bin:/usr/sbin:/usr/bin:/sbin:/bin" VSLANG="1033" "cc" "-m64" "/tmp/rustcG2ooiu/symbols.o" "/opt/rustwide/target/debug/build/serde-4302748adfdec107/build_script_build-4302748adfdec107.build_script_build.562d0fa9585283b0-cgu.0.rcgu.o" "/opt/rustwide/target/debug/build/serde-4302748adfdec107/build_script_build-4302748adfdec107.build_script_build.562d0fa9585283b0-cgu.1.rcgu.o" "/opt/rustwide/target/debug/build/serde-4302748adfdec107/build_script_build-4302748adfdec107.build_script_build.562d0fa9585283b0-cgu.10.rcgu.o" "/opt/rustwide/target/debug/build/serde-4302748adfdec107/build_script_build-4302748adfdec107.build_script_build.562d0fa9585283b0-cgu.11.rcgu.o" "/opt/rustwide/target/debug/build/serde-4302748adfdec107/build_script_build-4302748adfdec107.build_script_build.562d0fa9585283b0-cgu.12.rcgu.o" "/opt/rustwide/target/debug/build/serde-4302748adfdec107/build_script_build-4302748adfdec107.build_script_build.562d0fa9585283b0-cgu.13.rcgu.o" "/opt/rustwide/target/debug/build/serde-4302748adfdec107/build_script_build-4302748adfdec107.build_script_build.562d0fa9585283b0-cgu.14.rcgu.o" "/opt/rustwide/target/debug/build/serde-4302748adfdec107/build_script_build-4302748adfdec107.build_script_build.562d0fa9585283b0-cgu.15.rcgu.o" "/opt/rustwide/target/debug/build/serde-4302748adfdec107/build_script_build-4302748adfdec107.build_script_build.562d0fa9585283b0-cgu.2.rcgu.o" "/opt/rustwide/target/debug/build/serde-4302748adfdec107/build_script_build-4302748adfdec107.build_script_build.562d0fa9585283b0-cgu.3.rcgu.o" "/opt/rustwide/target/debug/build/serde-4302748adfdec107/build_script_build-4302748adfdec107.build_script_build.562d0fa9585283b0-cgu.4.rcgu.o" "/opt/rustwide/target/debug/build/serde-4302748adfdec107/build_script_build-4302748adfdec107.build_script_build.562d0fa9585283b0-cgu.5.rcgu.o" "/opt/rustwide/target/debug/build/serde-4302748adfdec107/build_script_build-4302748adfdec107.build_script_build.562d0fa9585283b0-cgu.6.rcgu.o" "/opt/rustwide/target/debug/build/serde-4302748adfdec107/build_script_build-4302748adfdec107.build_script_build.562d0fa9585283b0-cgu.7.rcgu.o" "/opt/rustwide/target/debug/build/serde-4302748adfdec107/build_script_build-4302748adfdec107.build_script_build.562d0fa9585283b0-cgu.8.rcgu.o" "/opt/rustwide/target/debug/build/serde-4302748adfdec107/build_script_build-4302748adfdec107.build_script_build.562d0fa9585283b0-cgu.9.rcgu.o" "/opt/rustwide/target/debug/build/serde-4302748adfdec107/build_script_build-4302748adfdec107.juf188ojhiw13z9.rcgu.o" "-Wl,--as-needed" "-L" "/opt/rustwide/target/debug/deps" "-L" "/opt/rustwide/rustup-home/toolchains/9610dfe5a9a731ced1ea4923ecbd0c57fe367898/lib/rustlib/x86_64-unknown-linux-gnu/lib" "-Wl,-Bstatic" "/opt/rustwide/rustup-home/toolchains/9610dfe5a9a731ced1ea4923ecbd0c57fe367898/lib/rustlib/x86_64-unknown-linux-gnu/lib/libstd-a8a9ba95b1228749.rlib" "/opt/rustwide/rustup-home/toolchains/9610dfe5a9a731ced1ea4923ecbd0c57fe367898/lib/rustlib/x86_64-unknown-linux-gnu/lib/libpanic_unwind-658322f66b02b1f7.rlib" "/opt/rustwide/rustup-home/toolchains/9610dfe5a9a731ced1ea4923ecbd0c57fe367898/lib/rustlib/x86_64-unknown-linux-gnu/lib/libobject-956ca946b7379eb6.rlib" "/opt/rustwide/rustup-home/toolchains/9610dfe5a9a731ced1ea4923ecbd0c57fe367898/lib/rustlib/x86_64-unknown-linux-gnu/lib/libmemchr-dd67659c95cf28db.rlib" "/opt/rustwide/rustup-home/toolchains/9610dfe5a9a731ced1ea4923ecbd0c57fe367898/lib/rustlib/x86_64-unknown-linux-gnu/lib/libaddr2line-43e984e033ffe85c.rlib" "/opt/rustwide/rustup-home/toolchains/9610dfe5a9a731ced1ea4923ecbd0c57fe367898/lib/rustlib/x86_64-unknown-linux-gnu/lib/libgimli-b33034ed520f9dde.rlib" "/opt/rustwide/rustup-home/toolchains/9610dfe5a9a731ced1ea4923ecbd0c57fe367898/lib/rustlib/x86_64-unknown-linux-gnu/lib/librustc_demangle-b682f100759c1cd5.rlib" "/opt/rustwide/rustup-home/toolchains/9610dfe5a9a731ced1ea4923ecbd0c57fe367898/lib/rustlib/x86_64-unknown-linux-gnu/lib/libstd_detect-4688e4e2de40eeae.rlib" "/opt/rustwide/rustup-home/toolchains/9610dfe5a9a731ced1ea4923ecbd0c57fe367898/lib/rustlib/x86_64-unknown-linux-gnu/lib/libhashbrown-bc98f60a979c8848.rlib" "/opt/rustwide/rustup-home/toolchains/9610dfe5a9a731ced1ea4923ecbd0c57fe367898/lib/rustlib/x86_64-unknown-linux-gnu/lib/librustc_std_workspace_alloc-f90abce6b91ba026.rlib" "/opt/rustwide/rustup-home/toolchains/9610dfe5a9a731ced1ea4923ecbd0c57fe367898/lib/rustlib/x86_64-unknown-linux-gnu/lib/libminiz_oxide-d2d517397bb596ef.rlib" "/opt/rustwide/rustup-home/toolchains/9610dfe5a9a731ced1ea4923ecbd0c57fe367898/lib/rustlib/x86_64-unknown-linux-gnu/lib/libadler-3c3cfff380065fd0.rlib" "/opt/rustwide/rustup-home/toolchains/9610dfe5a9a731ced1ea4923ecbd0c57fe367898/lib/rustlib/x86_64-unknown-linux-gnu/lib/libunwind-b4a016bd41fd2384.rlib" "/opt/rustwide/rustup-home/toolchains/9610dfe5a9a731ced1ea4923ecbd0c57fe367898/lib/rustlib/x86_64-unknown-linux-gnu/lib/libcfg_if-6b2e32ac6784fab1.rlib" "/opt/rustwide/rustup-home/toolchains/9610dfe5a9a731ced1ea4923ecbd0c57fe367898/lib/rustlib/x86_64-unknown-linux-gnu/lib/liblibc-69a45ab5967387b5.rlib" "/opt/rustwide/rustup-home/toolchains/9610dfe5a9a731ced1ea4923ecbd0c57fe367898/lib/rustlib/x86_64-unknown-linux-gnu/lib/liballoc-f366d4caf221188e.rlib" "/opt/rustwide/rustup-home/toolchains/9610dfe5a9a731ced1ea4923ecbd0c57fe367898/lib/rustlib/x86_64-unknown-linux-gnu/lib/librustc_std_workspace_core-522518611024dce5.rlib" "/opt/rustwide/rustup-home/toolchains/9610dfe5a9a731ced1ea4923ecbd0c57fe367898/lib/rustlib/x86_64-unknown-linux-gnu/lib/libcore-05898138a596088a.rlib" "/opt/rustwide/rustup-home/toolchains/9610dfe5a9a731ced1ea4923ecbd0c57fe367898/lib/rustlib/x86_64-unknown-linux-gnu/lib/libcompiler_builtins-737a1b3638f612c8.rlib" "-Wl,-Bdynamic" "-lgcc_s" "-lutil" "-lrt" "-lpthread" "-lm" "-ldl" "-lc" "-Wl,--eh-frame-hdr" "-Wl,-z,noexecstack" "-L" "/opt/rustwide/rustup-home/toolchains/9610dfe5a9a731ced1ea4923ecbd0c57fe367898/lib/rustlib/x86_64-unknown-linux-gnu/lib" "-o" "/opt/rustwide/target/debug/build/serde-4302748adfdec107/build_script_build-4302748adfdec107" "-Wl,--gc-sections" "-pie" "-Wl,-z,relro,-z,now" "-nodefaultlibs"
[INFO] [stdout]   = note: /usr/bin/ld: final link failed: No space left on device
[INFO] [stdout]           collect2: error: ld returned 1 exit status
[INFO] [stdout]           
[INFO] [stdout] 
[INFO] [stdout] 
[INFO] [stdout] error: aborting due to previous error
[INFO] [stdout] 
[INFO] [stdout] 
[INFO] [stderr] error: could not compile `proc-macro2` (lib) due to 2 previous errors
[INFO] [stderr] error: could not compile `serde` (build script) due to 2 previous errors
[INFO] [stdout] error: linking with `cc` failed: exit status: 1
[INFO] [stdout]   |
[INFO] [stdout]   = note: LC_ALL="C" PATH="/opt/rustwide/rustup-home/toolchains/9610dfe5a9a731ced1ea4923ecbd0c57fe367898/lib/rustlib/x86_64-unknown-linux-gnu/bin:/opt/rustwide/cargo-home/bin:/usr/local/sbin:/usr/local/bin:/usr/sbin:/usr/bin:/sbin:/bin" VSLANG="1033" "cc" "-m64" "/tmp/rustc7P71FY/symbols.o" "/opt/rustwide/target/debug/build/libdbus-sys-1c59c44534a51b52/build_script_build-1c59c44534a51b52.build_script_build.c92476e20819221e-cgu.0.rcgu.o" "/opt/rustwide/target/debug/build/libdbus-sys-1c59c44534a51b52/build_script_build-1c59c44534a51b52.build_script_build.c92476e20819221e-cgu.1.rcgu.o" "/opt/rustwide/target/debug/build/libdbus-sys-1c59c44534a51b52/build_script_build-1c59c44534a51b52.build_script_build.c92476e20819221e-cgu.2.rcgu.o" "/opt/rustwide/target/debug/build/libdbus-sys-1c59c44534a51b52/build_script_build-1c59c44534a51b52.build_script_build.c92476e20819221e-cgu.3.rcgu.o" "/opt/rustwide/target/debug/build/libdbus-sys-1c59c44534a51b52/build_script_build-1c59c44534a51b52.build_script_build.c92476e20819221e-cgu.4.rcgu.o" "/opt/rustwide/target/debug/build/libdbus-sys-1c59c44534a51b52/build_script_build-1c59c44534a51b52.build_script_build.c92476e20819221e-cgu.5.rcgu.o" "/opt/rustwide/target/debug/build/libdbus-sys-1c59c44534a51b52/build_script_build-1c59c44534a51b52.3xh5vnq1pjx0qv2w.rcgu.o" "-Wl,--as-needed" "-L" "/opt/rustwide/target/debug/deps" "-L" "/opt/rustwide/rustup-home/toolchains/9610dfe5a9a731ced1ea4923ecbd0c57fe367898/lib/rustlib/x86_64-unknown-linux-gnu/lib" "-Wl,-Bstatic" "/opt/rustwide/target/debug/deps/libpkg_config-ee510374a6461161.rlib" "/opt/rustwide/rustup-home/toolchains/9610dfe5a9a731ced1ea4923ecbd0c57fe367898/lib/rustlib/x86_64-unknown-linux-gnu/lib/libstd-a8a9ba95b1228749.rlib" "/opt/rustwide/rustup-home/toolchains/9610dfe5a9a731ced1ea4923ecbd0c57fe367898/lib/rustlib/x86_64-unknown-linux-gnu/lib/libpanic_unwind-658322f66b02b1f7.rlib" "/opt/rustwide/rustup-home/toolchains/9610dfe5a9a731ced1ea4923ecbd0c57fe367898/lib/rustlib/x86_64-unknown-linux-gnu/lib/libobject-956ca946b7379eb6.rlib" "/opt/rustwide/rustup-home/toolchains/9610dfe5a9a731ced1ea4923ecbd0c57fe367898/lib/rustlib/x86_64-unknown-linux-gnu/lib/libmemchr-dd67659c95cf28db.rlib" "/opt/rustwide/rustup-home/toolchains/9610dfe5a9a731ced1ea4923ecbd0c57fe367898/lib/rustlib/x86_64-unknown-linux-gnu/lib/libaddr2line-43e984e033ffe85c.rlib" "/opt/rustwide/rustup-home/toolchains/9610dfe5a9a731ced1ea4923ecbd0c57fe367898/lib/rustlib/x86_64-unknown-linux-gnu/lib/libgimli-b33034ed520f9dde.rlib" "/opt/rustwide/rustup-home/toolchains/9610dfe5a9a731ced1ea4923ecbd0c57fe367898/lib/rustlib/x86_64-unknown-linux-gnu/lib/librustc_demangle-b682f100759c1cd5.rlib" "/opt/rustwide/rustup-home/toolchains/9610dfe5a9a731ced1ea4923ecbd0c57fe367898/lib/rustlib/x86_64-unknown-linux-gnu/lib/libstd_detect-4688e4e2de40eeae.rlib" "/opt/rustwide/rustup-home/toolchains/9610dfe5a9a731ced1ea4923ecbd0c57fe367898/lib/rustlib/x86_64-unknown-linux-gnu/lib/libhashbrown-bc98f60a979c8848.rlib" "/opt/rustwide/rustup-home/toolchains/9610dfe5a9a731ced1ea4923ecbd0c57fe367898/lib/rustlib/x86_64-unknown-linux-gnu/lib/librustc_std_workspace_alloc-f90abce6b91ba026.rlib" "/opt/rustwide/rustup-home/toolchains/9610dfe5a9a731ced1ea4923ecbd0c57fe367898/lib/rustlib/x86_64-unknown-linux-gnu/lib/libminiz_oxide-d2d517397bb596ef.rlib" "/opt/rustwide/rustup-home/toolchains/9610dfe5a9a731ced1ea4923ecbd0c57fe367898/lib/rustlib/x86_64-unknown-linux-gnu/lib/libadler-3c3cfff380065fd0.rlib" "/opt/rustwide/rustup-home/toolchains/9610dfe5a9a731ced1ea4923ecbd0c57fe367898/lib/rustlib/x86_64-unknown-linux-gnu/lib/libunwind-b4a016bd41fd2384.rlib" "/opt/rustwide/rustup-home/toolchains/9610dfe5a9a731ced1ea4923ecbd0c57fe367898/lib/rustlib/x86_64-unknown-linux-gnu/lib/libcfg_if-6b2e32ac6784fab1.rlib" "/opt/rustwide/rustup-home/toolchains/9610dfe5a9a731ced1ea4923ecbd0c57fe367898/lib/rustlib/x86_64-unknown-linux-gnu/lib/liblibc-69a45ab5967387b5.rlib" "/opt/rustwide/rustup-home/toolchains/9610dfe5a9a731ced1ea4923ecbd0c57fe367898/lib/rustlib/x86_64-unknown-linux-gnu/lib/liballoc-f366d4caf221188e.rlib" "/opt/rustwide/rustup-home/toolchains/9610dfe5a9a731ced1ea4923ecbd0c57fe367898/lib/rustlib/x86_64-unknown-linux-gnu/lib/librustc_std_workspace_core-522518611024dce5.rlib" "/opt/rustwide/rustup-home/toolchains/9610dfe5a9a731ced1ea4923ecbd0c57fe367898/lib/rustlib/x86_64-unknown-linux-gnu/lib/libcore-05898138a596088a.rlib" "/opt/rustwide/rustup-home/toolchains/9610dfe5a9a731ced1ea4923ecbd0c57fe367898/lib/rustlib/x86_64-unknown-linux-gnu/lib/libcompiler_builtins-737a1b3638f612c8.rlib" "-Wl,-Bdynamic" "-lgcc_s" "-lutil" "-lrt" "-lpthread" "-lm" "-ldl" "-lc" "-Wl,--eh-frame-hdr" "-Wl,-z,noexecstack" "-L" "/opt/rustwide/rustup-home/toolchains/9610dfe5a9a731ced1ea4923ecbd0c57fe367898/lib/rustlib/x86_64-unknown-linux-gnu/lib" "-o" "/opt/rustwide/target/debug/build/libdbus-sys-1c59c44534a51b52/build_script_build-1c59c44534a51b52" "-Wl,--gc-sections" "-pie" "-Wl,-z,relro,-z,now" "-nodefaultlibs"
[INFO] [stdout]   = note: /usr/bin/ld: final link failed: No space left on device
[INFO] [stdout]           collect2: error: ld returned 1 exit status
[INFO] [stdout]           
[INFO] [stdout] 
[INFO] [stdout] 
[INFO] [stdout] error: aborting due to previous error
[INFO] [stdout] 
[INFO] [stdout] 
[INFO] [stderr] error: could not compile `libdbus-sys` (build script) due to 2 previous errors
[INFO] [stderr] thread 'rustc' panicked at 'assertion failed: pos.get() <= self.position()', compiler/rustc_metadata/src/rmeta/encoder.rs:428:9
[INFO] [stderr] error: could not compile `xml-rs` (lib)
[INFO] [stdout] error: linking with `cc` failed: exit status: 1
[INFO] [stdout]   |
[INFO] [stdout]   = note: LC_ALL="C" PATH="/opt/rustwide/rustup-home/toolchains/9610dfe5a9a731ced1ea4923ecbd0c57fe367898/lib/rustlib/x86_64-unknown-linux-gnu/bin:/opt/rustwide/cargo-home/bin:/usr/local/sbin:/usr/local/bin:/usr/sbin:/usr/bin:/sbin:/bin" VSLANG="1033" "cc" "-Wl,--version-script=/tmp/rustciZZMWT/list" "-Wl,--no-undefined-version" "-m64" "/tmp/rustciZZMWT/symbols.o" "/opt/rustwide/target/debug/deps/proc_macro_hack-5a751b3669b22014.proc_macro_hack.4b9175104eca06f2-cgu.0.rcgu.o" "/opt/rustwide/target/debug/deps/proc_macro_hack-5a751b3669b22014.proc_macro_hack.4b9175104eca06f2-cgu.1.rcgu.o" "/opt/rustwide/target/debug/deps/proc_macro_hack-5a751b3669b22014.proc_macro_hack.4b9175104eca06f2-cgu.10.rcgu.o" "/opt/rustwide/target/debug/deps/proc_macro_hack-5a751b3669b22014.proc_macro_hack.4b9175104eca06f2-cgu.11.rcgu.o" "/opt/rustwide/target/debug/deps/proc_macro_hack-5a751b3669b22014.proc_macro_hack.4b9175104eca06f2-cgu.12.rcgu.o" "/opt/rustwide/target/debug/deps/proc_macro_hack-5a751b3669b22014.proc_macro_hack.4b9175104eca06f2-cgu.13.rcgu.o" "/opt/rustwide/target/debug/deps/proc_macro_hack-5a751b3669b22014.proc_macro_hack.4b9175104eca06f2-cgu.14.rcgu.o" "/opt/rustwide/target/debug/deps/proc_macro_hack-5a751b3669b22014.proc_macro_hack.4b9175104eca06f2-cgu.15.rcgu.o" "/opt/rustwide/target/debug/deps/proc_macro_hack-5a751b3669b22014.proc_macro_hack.4b9175104eca06f2-cgu.2.rcgu.o" "/opt/rustwide/target/debug/deps/proc_macro_hack-5a751b3669b22014.proc_macro_hack.4b9175104eca06f2-cgu.3.rcgu.o" "/opt/rustwide/target/debug/deps/proc_macro_hack-5a751b3669b22014.proc_macro_hack.4b9175104eca06f2-cgu.4.rcgu.o" "/opt/rustwide/target/debug/deps/proc_macro_hack-5a751b3669b22014.proc_macro_hack.4b9175104eca06f2-cgu.5.rcgu.o" "/opt/rustwide/target/debug/deps/proc_macro_hack-5a751b3669b22014.proc_macro_hack.4b9175104eca06f2-cgu.6.rcgu.o" "/opt/rustwide/target/debug/deps/proc_macro_hack-5a751b3669b22014.proc_macro_hack.4b9175104eca06f2-cgu.7.rcgu.o" "/opt/rustwide/target/debug/deps/proc_macro_hack-5a751b3669b22014.proc_macro_hack.4b9175104eca06f2-cgu.8.rcgu.o" "/opt/rustwide/target/debug/deps/proc_macro_hack-5a751b3669b22014.proc_macro_hack.4b9175104eca06f2-cgu.9.rcgu.o" "/opt/rustwide/target/debug/deps/proc_macro_hack-5a751b3669b22014.4x9qptaospnwamr6.rcgu.rmeta" "/opt/rustwide/target/debug/deps/proc_macro_hack-5a751b3669b22014.12cl3acq52yvm3yq.rcgu.o" "-Wl,--as-needed" "-L" "/opt/rustwide/target/debug/deps" "-L" "/opt/rustwide/rustup-home/toolchains/9610dfe5a9a731ced1ea4923ecbd0c57fe367898/lib/rustlib/x86_64-unknown-linux-gnu/lib" "-Wl,-Bstatic" "/opt/rustwide/rustup-home/toolchains/9610dfe5a9a731ced1ea4923ecbd0c57fe367898/lib/rustlib/x86_64-unknown-linux-gnu/lib/libproc_macro-65d7b1fec1d14dd1.rlib" "/opt/rustwide/rustup-home/toolchains/9610dfe5a9a731ced1ea4923ecbd0c57fe367898/lib/rustlib/x86_64-unknown-linux-gnu/lib/libstd-a8a9ba95b1228749.rlib" "/opt/rustwide/rustup-home/toolchains/9610dfe5a9a731ced1ea4923ecbd0c57fe367898/lib/rustlib/x86_64-unknown-linux-gnu/lib/libpanic_unwind-658322f66b02b1f7.rlib" "/opt/rustwide/rustup-home/toolchains/9610dfe5a9a731ced1ea4923ecbd0c57fe367898/lib/rustlib/x86_64-unknown-linux-gnu/lib/libobject-956ca946b7379eb6.rlib" "/opt/rustwide/rustup-home/toolchains/9610dfe5a9a731ced1ea4923ecbd0c57fe367898/lib/rustlib/x86_64-unknown-linux-gnu/lib/libmemchr-dd67659c95cf28db.rlib" "/opt/rustwide/rustup-home/toolchains/9610dfe5a9a731ced1ea4923ecbd0c57fe367898/lib/rustlib/x86_64-unknown-linux-gnu/lib/libaddr2line-43e984e033ffe85c.rlib" "/opt/rustwide/rustup-home/toolchains/9610dfe5a9a731ced1ea4923ecbd0c57fe367898/lib/rustlib/x86_64-unknown-linux-gnu/lib/libgimli-b33034ed520f9dde.rlib" "/opt/rustwide/rustup-home/toolchains/9610dfe5a9a731ced1ea4923ecbd0c57fe367898/lib/rustlib/x86_64-unknown-linux-gnu/lib/librustc_demangle-b682f100759c1cd5.rlib" "/opt/rustwide/rustup-home/toolchains/9610dfe5a9a731ced1ea4923ecbd0c57fe367898/lib/rustlib/x86_64-unknown-linux-gnu/lib/libstd_detect-4688e4e2de40eeae.rlib" "/opt/rustwide/rustup-home/toolchains/9610dfe5a9a731ced1ea4923ecbd0c57fe367898/lib/rustlib/x86_64-unknown-linux-gnu/lib/libhashbrown-bc98f60a979c8848.rlib" "/opt/rustwide/rustup-home/toolchains/9610dfe5a9a731ced1ea4923ecbd0c57fe367898/lib/rustlib/x86_64-unknown-linux-gnu/lib/librustc_std_workspace_alloc-f90abce6b91ba026.rlib" "/opt/rustwide/rustup-home/toolchains/9610dfe5a9a731ced1ea4923ecbd0c57fe367898/lib/rustlib/x86_64-unknown-linux-gnu/lib/libminiz_oxide-d2d517397bb596ef.rlib" "/opt/rustwide/rustup-home/toolchains/9610dfe5a9a731ced1ea4923ecbd0c57fe367898/lib/rustlib/x86_64-unknown-linux-gnu/lib/libadler-3c3cfff380065fd0.rlib" "/opt/rustwide/rustup-home/toolchains/9610dfe5a9a731ced1ea4923ecbd0c57fe367898/lib/rustlib/x86_64-unknown-linux-gnu/lib/libunwind-b4a016bd41fd2384.rlib" "/opt/rustwide/rustup-home/toolchains/9610dfe5a9a731ced1ea4923ecbd0c57fe367898/lib/rustlib/x86_64-unknown-linux-gnu/lib/libcfg_if-6b2e32ac6784fab1.rlib" "/opt/rustwide/rustup-home/toolchains/9610dfe5a9a731ced1ea4923ecbd0c57fe367898/lib/rustlib/x86_64-unknown-linux-gnu/lib/liblibc-69a45ab5967387b5.rlib" "/opt/rustwide/rustup-home/toolchains/9610dfe5a9a731ced1ea4923ecbd0c57fe367898/lib/rustlib/x86_64-unknown-linux-gnu/lib/liballoc-f366d4caf221188e.rlib" "/opt/rustwide/rustup-home/toolchains/9610dfe5a9a731ced1ea4923ecbd0c57fe367898/lib/rustlib/x86_64-unknown-linux-gnu/lib/librustc_std_workspace_core-522518611024dce5.rlib" "/opt/rustwide/rustup-home/toolchains/9610dfe5a9a731ced1ea4923ecbd0c57fe367898/lib/rustlib/x86_64-unknown-linux-gnu/lib/libcore-05898138a596088a.rlib" "/opt/rustwide/rustup-home/toolchains/9610dfe5a9a731ced1ea4923ecbd0c57fe367898/lib/rustlib/x86_64-unknown-linux-gnu/lib/libcompiler_builtins-737a1b3638f612c8.rlib" "-Wl,-Bdynamic" "-lgcc_s" "-lutil" "-lrt" "-lpthread" "-lm" "-ldl" "-lc" "-Wl,--eh-frame-hdr" "-Wl,-z,noexecstack" "-L" "/opt/rustwide/rustup-home/toolchains/9610dfe5a9a731ced1ea4923ecbd0c57fe367898/lib/rustlib/x86_64-unknown-linux-gnu/lib" "-o" "/opt/rustwide/target/debug/deps/libproc_macro_hack-5a751b3669b22014.so" "-Wl,--gc-sections" "-shared" "-Wl,-z,relro,-z,now" "-nodefaultlibs"
[INFO] [stdout]   = note: /usr/bin/ld: final link failed: No space left on device
[INFO] [stdout]           collect2: error: ld returned 1 exit status
[INFO] [stdout]           
[INFO] [stdout] 
[INFO] [stdout] 
[INFO] [stdout] error: aborting due to previous error
[INFO] [stdout] 
[INFO] [stdout] 
[INFO] [stderr] error: could not compile `proc-macro-hack` (lib) due to 2 previous errors
[INFO] [stderr] thread 'rustc' panicked at 'assertion failed: pos.get() <= self.position()', compiler/rustc_metadata/src/rmeta/encoder.rs:447:9
[INFO] [stdout] error: error writing dependencies to `/opt/rustwide/target/debug/deps/syn-65a4c680da078830.d`: No space left on device (os error 28)
[INFO] [stdout] 
[INFO] [stdout] 
[INFO] [stderr] error: could not compile `num-traits` (lib)
[INFO] [stderr] error: could not compile `syn` (lib) due to previous error
[INFO] [stderr] thread 'rustc' panicked at 'assertion failed: pos.get() <= self.position()', compiler/rustc_metadata/src/rmeta/encoder.rs:428:9
[INFO] [stdout] error: couldn't create a temp dir: No space left on device (os error 28) at path "/opt/rustwide/target/debug/deps/rmetaiLn4W2"
[INFO] [stdout] 
[INFO] [stdout] 
[INFO] [stdout] error: couldn't create a temp dir: No space left on device (os error 28) at path "/opt/rustwide/target/debug/deps/rmetag64wQM"
[INFO] [stdout] 
[INFO] [stdout] 
[INFO] [stderr] error: could not compile `typenum` (lib) due to previous error
[INFO] [stderr] error: could not compile `libc` (lib) due to previous error
[INFO] [stderr] error: could not compile `libc` (lib)
[INFO] [stderr] thread 'rustc' panicked at 'assertion failed: pos.get() <= self.position()', compiler/rustc_metadata/src/rmeta/encoder.rs:428:9
[INFO] [stderr] thread 'rustc' panicked at 'assertion failed: pos.get() <= self.position()', compiler/rustc_metadata/src/rmeta/encoder.rs:447:9
[INFO] [stderr] error: could not compile `unicode-normalization` (lib)
[INFO] [stderr] error: could not compile `rustc-serialize` (lib)
[INFO] running `Command { std: "docker" "inspect" "2ba6656dc603722974d619a708d4c3ad9c560e058e0362f1ac39e0c63e6180a3", kill_on_drop: false }`
[INFO] running `Command { std: "docker" "rm" "-f" "2ba6656dc603722974d619a708d4c3ad9c560e058e0362f1ac39e0c63e6180a3", kill_on_drop: false }`
[INFO] [stdout] 2ba6656dc603722974d619a708d4c3ad9c560e058e0362f1ac39e0c63e6180a3
